 the prime factors of 27387156?
2, 3, 389, 5867
List the prime factors of 382886.
2, 7, 3907
List the prime factors of 5031217.
5031217
What are the prime factors of 2804656?
2, 175291
List the prime factors of 252913.
252913
List the prime factors of 2266517.
11, 206047
List the prime factors of 6205965.
3, 5, 41, 10091
What are the prime factors of 2608045?
5, 11, 47419
What are the prime factors of 5213052?
2, 3, 13, 47, 79
What are the prime factors of 6017002?
2, 67, 83, 541
List the prime factors of 930379.
930379
What are the prime factors of 921187?
73, 12619
What are the prime factors of 16757130?
2, 3, 5, 13, 42967
List the prime factors of 1930911.
3, 17, 37861
List the prime factors of 1990591.
41, 47, 1033
What are the prime factors of 772077?
3, 61, 4219
List the prime factors of 5525333.
11, 19, 26437
List the prime factors of 436573.
31, 14083
List the prime factors of 203867.
239, 853
What are the prime factors of 35777040?
2, 3, 5, 13, 11467
List the prime factors of 304285.
5, 19, 3203
List the prime factors of 286386.
2, 3, 59, 809
List the prime factors of 2984579.
13, 229583
What are the prime factors of 63883?
193, 331
What are the prime factors of 433880?
2, 5, 10847
What are the prime factors of 7214?
2, 3607
List the prime factors of 256479.
3, 17, 47, 107
List the prime factors of 165931.
165931
List the prime factors of 25147224.
2, 3, 233, 1499
List the prime factors of 299867.
227, 1321
What are the prime factors of 227624?
2, 37, 769
List the prime factors of 6681379.
47, 142157
What are the prime factors of 587703?
3, 227, 863
What are the prime factors of 9069621?
3, 11, 274837
List the prime factors of 6648563.
173, 38431
What are the prime factors of 4920699?
3, 7, 234319
List the prime factors of 5746230.
2, 3, 5, 7, 1303
What are the prime factors of 27004916?
2, 29, 232801
What are the prime factors of 6235707?
3, 79, 83, 317
List the prime factors of 75482.
2, 11, 47, 73
List the prime factors of 2302693.
43, 53551
List the prime factors of 6403242.
2, 3, 1067207
What are the prime factors of 1324522?
2, 662261
What are the prime factors of 1151091?
3, 1579
List the prime factors of 9893761.
761, 13001
What are the prime factors of 2844484?
2, 711121
What are the prime factors of 17370985?
5, 3474197
List the prime factors of 861903.
3, 7, 13681
What are the prime factors of 3281059?
3281059
What are the prime factors of 165186?
2, 3, 7, 19, 23
List the prime factors of 1247819.
23, 227, 239
List the prime factors of 157390.
2, 5, 15739
List the prime factors of 2237816.
2, 7, 89, 449
What are the prime factors of 491222?
2, 79, 3109
What are the prime factors of 129767?
11, 47, 251
What are the prime factors of 1562138?
2, 781069
What are the prime factors of 14335532?
2, 23, 155821
What are the prime factors of 1055854?
2, 101, 5227
List the prime factors of 202748.
2, 7, 13, 557
What are the prime factors of 321853?
7, 45979
What are the prime factors of 238693?
7, 13, 43, 61
List the prime factors of 52116.
2, 3, 43, 101
What are the prime factors of 742705?
5, 89, 1669
What are the prime factors of 293738?
2, 227, 647
What are the prime factors of 308046?
2, 3, 51341
List the prime factors of 240236.
2, 19, 29, 109
What are the prime factors of 10552510?
2, 5, 1055251
What are the prime factors of 1629085?
5, 167, 1951
What are the prime factors of 226928?
2, 13, 1091
List the prime factors of 80550.
2, 3, 5, 179
List the prime factors of 64594.
2, 32297
List the prime factors of 2936506.
2, 31, 47363
List the prime factors of 870200.
2, 5, 19, 229
What are the prime factors of 59320?
2, 5, 1483
List the prime factors of 1041221.
1041221
What are the prime factors of 1625865?
3, 5, 107, 1013
List the prime factors of 377239.
31, 43, 283
List the prime factors of 676463.
676463
List the prime factors of 333987.
3, 163, 683
List the prime factors of 412953.
3, 179, 769
List the prime factors of 10632403.
10632403
What are the prime factors of 32833?
32833
List the prime factors of 448283.
11, 83, 491
List the prime factors of 320109.
3, 106703
What are the prime factors of 171947?
171947
What are the prime factors of 652253?
7, 93179
List the prime factors of 3979821.
3, 1326607
What are the prime factors of 12809575?
5, 307, 1669
What are the prime factors of 7871504?
2, 491969
List the prime factors of 1172405.
5, 13, 17, 1061
What are the prime factors of 3934193?
173, 22741
What are the prime factors of 11109409?
307, 36187
What are the prime factors of 831213?
3, 92357
List the prime factors of 449909.
43, 10463
List the prime factors of 2648332.
2, 662083
What are the prime factors of 4965005?
5, 993001
What are the prime factors of 209188?
2, 7, 31, 241
What are the prime factors of 19175516?
2, 4793879
What are the prime factors of 33228855?
3, 5, 11, 67129
What are the prime factors of 2152179?
3, 23, 37, 281
List the prime factors of 7868984.
2, 971, 1013
What are the prime factors of 37013321?
37013321
List the prime factors of 9346673.
7, 1335239
List the prime factors of 6766671.
3, 37, 60961
List the prime factors of 190904.
2, 7, 487
List the prime factors of 3546427.
3546427
List the prime factors of 2498052.
2, 3, 89, 2339
List the prime factors of 4607341.
277, 16633
List the prime factors of 31889257.
31889257
List the prime factors of 827647.
71, 11657
What are the prime factors of 1230644?
2, 29, 103
What are the prime factors of 547468?
2, 17, 83, 97
What are the prime factors of 830724?
2, 3, 37, 1871
What are the prime factors of 624287?
53, 11779
List the prime factors of 389085.
3, 5, 25939
List the prime factors of 620686.
2, 11, 89, 317
What are the prime factors of 320275?
5, 23, 557
What are the prime factors of 1377394?
2, 688697
List the prime factors of 1337047.
83, 89, 181
What are the prime factors of 3913742?
2, 7, 279553
List the prime factors of 4272316.
2, 37, 28867
List the prime factors of 2657942.
2, 7, 189853
What are the prime factors of 265278?
2, 3, 13, 19, 179
List the prime factors of 205853.
17, 12109
List the prime factors of 155361.
3, 51787
What are the prime factors of 61631?
61631
List the prime factors of 2341835.
5, 17, 27551
What are the prime factors of 1657711?
11, 37, 4073
What are the prime factors of 136744?
2, 17093
List the prime factors of 76243.
76243
What are the prime factors of 1964516?
2, 491129
What are the prime factors of 3898199?
1831, 2129
List the prime factors of 1464466.
2, 732233
List the prime factors of 3450723.
3, 19, 60539
List the prime factors of 472061.
547, 863
List the prime factors of 1716.
2, 3, 11, 13
What are the prime factors of 34076?
2, 7, 1217
What are the prime factors of 5367573?
3, 61, 3259
List the prime factors of 2742910.
2, 5, 59, 4649
What are the prime factors of 5640742?
2, 1103, 2557
List the prime factors of 1043609.
7, 149087
List the prime factors of 697277.
7, 99611
List the prime factors of 19223049.
3, 83, 77201
What are the prime factors of 409442?
2, 11, 37, 503
What are the prime factors of 38140?
2, 5, 1907
What are the prime factors of 2223223?
71, 173, 181
List the prime factors of 297574.
2, 23, 6469
What are the prime factors of 4781144?
2, 597643
What are the prime factors of 692462?
2, 29, 11939
List the prime factors of 32849.
107, 307
What are the prime factors of 4488193?
4488193
What are the prime factors of 6079146?
2, 3, 331, 3061
What are the prime factors of 3854778?
2, 3, 43, 67, 223
What are the prime factors of 54707?
227, 241
What are the prime factors of 351391?
351391
What are the prime factors of 409257?
3, 37, 1229
List the prime factors of 7846918.
2, 61, 64319
List the prime factors of 947986.
2, 13, 19, 101
What are the prime factors of 444666?
2, 3, 37, 2003
List the prime factors of 1501035.
3, 5, 100069
List the prime factors of 4856841.
3, 11, 23, 79
What are the prime factors of 3383324?
2, 7, 120833
What are the prime factors of 1317969?
3, 23, 6367
List the prime factors of 263466.
2, 3, 7, 17, 41
What are the prime factors of 589030?
2, 5, 13, 23, 197
What are the prime factors of 2788315?
5, 557663
What are the prime factors of 1617942?
2, 3, 41, 6577
What are the prime factors of 7493914?
2, 1213, 3089
List the prime factors of 138832.
2, 8677
List